{"id":32,"date":"2024-06-11T09:48:18","date_gmt":"2024-06-11T09:48:18","guid":{"rendered":"https:\/\/designveileder.no\/?page_id=32"},"modified":"2025-01-02T09:25:31","modified_gmt":"2025-01-02T09:25:31","slug":"myndighetene","status":"publish","type":"page","link":"https:\/\/designveileder.no\/?page_id=32","title":{"rendered":"Myndighetenes r\u00e5d for e-l\u00e6ringskurs"},"content":{"rendered":"<p><span style=\"color: #993366;\"><strong>I dette kapittelet: <\/strong><\/span>Vi gir en kort presentasjon av Direktoratet for forvaltning og \u00f8konomistyring (DF\u00d8) sine veiledere for e-l\u00e6ringsprosjekter. Veilederne er i all hovedsak rettet mot bestillere og innholdsprodusenter.<\/p>\n<p>Disse veiledere har gode sjekklister og oversikter over universell utforming av tilgjengelighet av e-l\u00e6ringskurs. Mange av r\u00e5dene lar seg anvende av dem som \u00f8nsker \u00e5 lage en e-l\u00e6ringsl\u00f8sning selv, v\u00e6re seg en enkel variant for privat bruk eller en litt mer avansert l\u00f8sning for grupper av brukere.<\/p>\n<ol>\n<li><strong>Hvordan ivareta kravene til universell utforming ved bestilling av e-l\u00e6ringskurs?<\/strong><\/li>\n<\/ol>\n<p>Dette er en veileder for dem som kj\u00f8per <em>ekstern bistand,<\/em> dvs. bestiller og anskaffer digitale l\u00e6remidler. Denne veiledningen hjelper med \u00e5 stille de riktige kravene, kvalitetssikre leveransen og stille de riktige sp\u00f8rsm\u00e5lene til rett tid, slik at innholdet blir mulig \u00e5 oppfatte, ta i bruk, forst\u00e5 og er teknisk robust. Dokumentet inneholder kapitler om:<\/p>\n<ul>\n<li>relevante lover og standarder<\/li>\n<li>behovsavklaring og forberedelse av konkurransen<\/li>\n<li>konkurransegjennomf\u00f8ring og kontraktsoppf\u00f8lging<\/li>\n<li>utviklingsprosessen<\/li>\n<\/ul>\n<p>Du kan laste ned veilederen fra fotnoten her <a href=\"#_ftn1\" name=\"_ftnref1\">[1]<\/a>.<\/p>\n<ol start=\"2\">\n<li><strong>Universell utforming av e-l\u00e6ringskurs \u2013 sjekkliste for innholdsprodusenter<\/strong><\/li>\n<\/ol>\n<p>Sjekklisten er p\u00e5 en oversiktlig m\u00e5te delt inn i ulike faser som er typiske ved utvikling av e-l\u00e6ringskurs. Hver fase er delt inn i temaer for \u00e5 f\u00e5 en bedre oversikt over krav som stilles til universell utforming i den delen av utviklingsprosessen og at kurset skal oppfylle kravene til universell utforming i WCAG-standarden.<\/p>\n<p>Sjekklisten har klartekstavsnitt om f\u00f8lgende:<\/p>\n<ul>\n<li>bilder og illustrasjoner<\/li>\n<li>animasjoner, lyd og videoer<\/li>\n<li>synstolking<\/li>\n<li>farger og kontraster<\/li>\n<li>oppgaver<\/li>\n<li>innholdsstruktur<\/li>\n<li>interaktivitet<\/li>\n<li>layout<\/li>\n<\/ul>\n<p>Du kan laste ned sjekklisten fra fotnoten her <a href=\"#_ftn2\" name=\"_ftnref2\">[2]<\/a>.<\/p>\n<ol start=\"3\">\n<li><strong>Akseptansetest for universell utforming<\/strong><\/li>\n<\/ol>\n<p>Denne sjekklisten kan brukes for \u00e5 ivareta krav til universell utforming i det digitale l\u00e6remiddelet du har bestilt fra en leverand\u00f8r eller utviklet selv. Kravene samsvarer med WCAG 2.0 og 2.1. M\u00e5lgruppen for sjekklisten er b\u00e5de leverand\u00f8r og bestiller, og gjelder uavhengig av verkt\u00f8y eller teknologi som l\u00e6remiddelet er utviklet i.<\/p>\n<p>Sjekklisten har f\u00f8lgende kapitler for sjekk av universell utforming:<\/p>\n<ul>\n<li>generelt<\/li>\n<li>layout<\/li>\n<li>innhold<\/li>\n<li>farger og kontraster<\/li>\n<li>lyd, animasjon og video<\/li>\n<li>navigasjon<\/li>\n<li>hjelpemidler<\/li>\n<li>skjemaer og skjemaobjekter<\/li>\n<\/ul>\n<p>Du kan laste ned sjekklisten fra fotnoten her <a href=\"#_ftn3\" name=\"_ftnref3\">[3]<\/a>.<\/p>\n<ol start=\"4\">\n<li><strong>Guide for deg som skal lage e-l\u00e6ring (nettkurs)<\/strong><\/li>\n<\/ol>\n<p>Du f\u00e5r\u00a0tips til \u00e5 lage e-l\u00e6ring som treffer m\u00e5lgruppen, og mange praktiske verkt\u00f8y og eksempler. Guiden kan brukes som et\u00a0prosessverkt\u00f8y som tar deg gjennom steg for steg i fasene. Du kan ogs\u00e5 benytte guiden som\u00a0et oppslagsverk.<br \/>\nVeien til kurset finner du i fotnoten her <a href=\"#_ftn4\" name=\"_ftnref4\"><sup>[4]<\/sup><\/a>.<\/p>\n<p><a href=\"#_ftnref1\" name=\"_ftn1\">[1]<\/a> <a href=\"https:\/\/laeringsplattformen.dfo.no\/sites\/default\/files\/2022-11\/Hvordan%20ivareta%20kravene%20til%20universell%20utforming%20ved%20bestilling%20av%20e-l%C3%A6ringskurs%20-%20veileder%20for%20deg%20som%20kj%C3%B8per%20ekstern%20bistand%20til%20utvikling.pdf\" target=\"_blank\" rel=\"noopener\">https:\/\/laeringsplattformen.dfo.no\/sites\/default\/files\/2022-11\/Hvordan%20ivareta%20kravene%20til%20universell%20utforming%20ved%20bestilling%20av%20e-l%C3%A6ringskurs%20-%20veileder%20for%20deg%20som%20kj%C3%B8per%20ekstern%20bistand%20til%20utvikling.pdf<\/a><\/p>\n<p><a href=\"#_ftnref2\" name=\"_ftn2\">[2]<\/a> <a href=\"https:\/\/laeringsplattformen.dfo.no\/sites\/default\/files\/2022-11\/Universell%20utforming%20av%20e-l%C3%A6ringskurs%20-%20sjekkliste%20for%20innholdsprodusenter.pdf\" target=\"_blank\" rel=\"noopener\">https:\/\/laeringsplattformen.dfo.no\/sites\/default\/files\/2022-11\/Universell%20utforming%20av%20e-l%C3%A6ringskurs%20-%20sjekkliste%20for%20innholdsprodusenter.pdf<\/a><\/p>\n<p><a href=\"#_ftnref3\" name=\"_ftn3\">[3]<\/a> <a href=\"https:\/\/laeringsplattformen.dfo.no\/sites\/default\/files\/2022-11\/Akseptansetest%20Universell%20utforming.pdf\" target=\"_blank\" rel=\"noopener\">https:\/\/laeringsplattformen.dfo.no\/sites\/default\/files\/2022-11\/Akseptansetest%20Universell%20utforming.pdf<\/a><\/p>\n<p><a href=\"#_ftnref4\" name=\"_ftn4\">[4]<\/a> <a href=\"https:\/\/laeringsplattformen.dfo.no\/kursoversikt\/guide-deg-som-skal-lage-e-laering\" target=\"_blank\" rel=\"noopener\">https:\/\/laeringsplattformen.dfo.no\/kursoversikt\/guide-deg-som-skal-lage-e-laering<\/a><\/p>\n","protected":false},"excerpt":{"rendered":"<p>I dette kapittelet: Vi gir en kort presentasjon av Direktoratet for forvaltning og \u00f8konomistyring (DF\u00d8) sine veiledere for e-l\u00e6ringsprosjekter. Veilederne er i all hovedsak rettet mot bestillere og innholdsprodusenter. Disse veiledere har gode sjekklister og oversikter over universell utforming av tilgjengelighet av e-l\u00e6ringskurs. Mange av r\u00e5dene lar seg anvende av dem som \u00f8nsker \u00e5 lage [&hellip;]<\/p>\n","protected":false},"author":1,"featured_media":0,"parent":0,"menu_order":0,"comment_status":"closed","ping_status":"closed","template":"","meta":{"footnotes":""},"_links":{"self":[{"href":"https:\/\/designveileder.no\/index.php?rest_route=\/wp\/v2\/pages\/32"}],"collection":[{"href":"https:\/\/designveileder.no\/index.php?rest_route=\/wp\/v2\/pages"}],"about":[{"href":"https:\/\/designveileder.no\/index.php?rest_route=\/wp\/v2\/types\/page"}],"author":[{"embeddable":true,"href":"https:\/\/designveileder.no\/index.php?rest_route=\/wp\/v2\/users\/1"}],"replies":[{"embeddable":true,"href":"https:\/\/designveileder.no\/index.php?rest_route=%2Fwp%2Fv2%2Fcomments&post=32"}],"version-history":[{"count":12,"href":"https:\/\/designveileder.no\/index.php?rest_route=\/wp\/v2\/pages\/32\/revisions"}],"predecessor-version":[{"id":681,"href":"https:\/\/designveileder.no\/index.php?rest_route=\/wp\/v2\/pages\/32\/revisions\/681"}],"wp:attachment":[{"href":"https:\/\/designveileder.no\/index.php?rest_route=%2Fwp%2Fv2%2Fmedia&parent=32"}],"curies":[{"name":"wp","href":"https:\/\/api.w.org\/{rel}","templated":true}]}}